 what is 156454231416 + 3?
156454231422
In base 16, what is -16ab69ed + -2?
-16ab69ef
In base 6, what is 5 - 344000253?
-344000244
In base 5, what is -200400021 + 1112?
-200343404
In base 9, what is -632345005 - -2?
-632345003
In base 8, what is -1 - -160610025?
160610024
In base 3, what is 200 - -12111210220210?
12111210221110
In base 14, what is -28 + 533d0?
533a6
In base 5, what is -1133201444 + 2?
-1133201442
In base 10, what is 52 - -66769?
66821
In base 15, what is -1bb7 + -102a2?
-11e69
In base 2, what is -100101101 - -10000000001011100101?
10000000000110111000
In base 12, what is 80833 + 298?
80b0b
In base 11, what is 279233 + -72?
279171
In base 11, what is 1a8082 - -846?
1a8918
In base 2, what is -10110010111100 + 10110101?
-10110000000111
In base 2, what is -110110011101 - 1000010000111110?
-1001000111011011
In base 16, what is 12e9c58 - 30?
12e9c28
In base 6, what is 31114443222 - -5?
31114443231
In base 9, what is -44105105 - -74?
-44105021
In base 14, what is -47505cc + 3?
-47505c9
In base 16, what is -5729b - 60?
-572fb
In base 9, what is -4 - 20422114?
-20422118
In base 6, what is 1544341 + -10001?
1534340
In base 7, what is -242622 - -431?
-242161
In base 7, what is -5 + -164063204?
-164063212
In base 12, what is 15 + -776271?
-776258
In base 6, what is -2542155454 + 2?
-2542155452
In base 8, what is -1225 + 4403027?
4401602
In base 6, what is 4323213212 - -1?
4323213213
In base 12, what is 213710 + 357?
213a67
In base 15, what is 55 + 6e7c?
6ed2
In base 6, what is -1401350432 - -45?
-1401350343
In base 11, what is 0 + 419a73?
419a73
In base 7, what is -1504645 - 10200?
-1515145
In base 8, what is 11 - 454552520?
-454552507
In base 8, what is 14032014 - 1?
14032013
In base 6, what is 515043 + -2510?
512133
In base 2, what is -1001 - 101001110101000010110?
-101001110101000011111
In base 3, what is 1022212 + 21121222?
22221211
In base 9, what is -17 + -20373?
-20401
In base 11, what is -7 + -17729a4?
-1772a00
In base 7, what is -1443263 - -131?
-1443132
In base 16, what is -43b896 + 4f?
-43b847
In base 9, what is -3247 + 366?
-2771
In base 15, what is 176 - 1beed?
-1bd77
In base 4, what is 123 - -12030103?
12030232
In base 14, what is 0 - 2c79899?
-2c79899
In base 11, what is 90a63a09 + -1?
90a63a08
In base 6, what is 234 - 22305142?
-22304504
In base 9, what is 163420833 + 2?
163420835
In base 13, what is -115b24 + -1b?
-115b42
In base 13, what is -7210947 + -2?
-7210949
In base 7, what is -533646621 - 2?
-533646623
In base 9, what is 12 - -10580461?
10580473
In base 9, what is 1 - 20584780?
-20584778
In base 7, what is -4623 + 2022023?
2014100
In base 8, what is 33375174 + -4?
33375170
In base 14, what is 20237 + 151?
20388
In base 16, what is -3fb8984 - 3?
-3fb8987
In base 16, what is -2a7b0 + -e1?
-2a891
In base 2, what is -111000 + 10101110110100001?
10101110101101001
In base 6, what is -15554042 - -125?
-15553513
In base 14, what is 56c0 + 2155?
7835
In base 4, what is 123110 + 11133201?
11322311
In base 15, what is -e8eee - 6?
-e9005
In base 7, what is 52105 + 24114?
106222
In base 9, what is -5861 - 352484?
-358455
In base 4, what is 2323 + -1121233?
-1112310
In base 11, what is -2 + -157910a63?
-157910a65
In base 11, what is 37777 - 32?
37745
In base 13, what is 8866 - -1771?
a307
In base 13, what is 4b10 + -8a?
4a53
In base 14, what is 8d98 + -62?
8d36
In base 4, what is -123300233 + 1123?
-123233110
In base 16, what is 170 + 73133?
732a3
In base 9, what is 110 - -2845234?
2845344
In base 16, what is -a + -4895d?
-48967
In base 9, what is -3303 + 1236?
-2056
In base 3, what is 201202211222 - -2102210?
201212021202
In base 2, what is -1100111 + -11101111101101100011?
-11101111101111001010
In base 2, what is 0 + -1011010111111100101011000?
-1011010111111100101011000
In base 8, what is 164213250 + -12?
164213236
In base 6, what is -21040144 - -151?
-21035553
In base 15, what is 2 + 2b135c?
2b135e
In base 8, what is 26 + 21610?
21636
In base 9, what is -5 + -1828775?
-1828781
In base 13, what is 4 - -1806ba3?
1806ba7
In base 16, what is 1f2 + 7378f?
73981
In base 8, what is 4 + -2755306455?
-2755306451
In base 13, what is 147 + a822?
a969
In base 15, what is -17226 + -b5?
-172db
In base 15, what is 5 - 2049b64?
-2049b5e
In base 8, what is -36226455 + 3?
-36226452
In base 15, what is -4e0 - -2136?
1b46
In base 10, what is -1296517 - -2?
-1296515
In base 9, what is 573527 - 1?
573526
In base 3, what is -2021220102012221 + 1?
-2021220102012220
In base 12, what is 237468 - 15?
237453
In base 10, what is 372651 + -11?
372640
In base 14, what is 1006 - -3dc?
1404
In base 10, what is -461 - 32434?
-32895
In base 6, what is -33 + 43245150?
43245113
In base 5, what is 444034203 - 20?
444034133
In base 9, what is 5076 + 200361?
205447
In base 13, what is -a603a63 + -2?
-a603a65
In base 2, what is -1001111101010011000100101010 + -110?
-1001111101010011000100110000
In base 10, what is 1 + 1516152?
1516153
In base 9, what is -104 + -1262724?
-1262828
In base 13, what is -12a + 21b5a?
21a30
In base 14, what is 25 - -5a900?
5a925
In base 13, what is -13218 + 563?
-12985
In base 15, what is -3a8 + d93?
9da
In base 5, what is -23 - 1113230122?
-1113230200
In base 7, what is 3545304 - -22?
3545326
In base 12, what is -4 - 20b530ba?
-20b53102
In base 11, what is 5444126 - -3?
5444129
In base 12, what is 10ab5 - -2275?
1316a
In base 7, what is -4 - 443004435?
-443004442
In base 5, what is -11000 + 120144?
104144
In base 4, what is 2 + -22302120213?
-22302120211
In base 14, what is 1 + 21430?
21431
In base 14, what is 537 + a592?
aac9
In base 6, what is -2103 - 1424?
-3531
In base 14, what is 2a21a + -9a?
2a160
In base 12, what is 1 + 528749?
52874a
In base 8, what is 151 + 1052576?
1052747
In base 3, what is -212120102121 + 11111201?
-212101220220
In base 10, what is -1420011 - 314?
-1420325
In base 2, what is -1 + 101011011011001110011?
101011011011001110010
In base 16, what is 1422e + 111a?
15348
In base 11, what is -12961 + -206?
-13067
In base 2, what is -1010000011011111001 - 10011010?
-1010000011110010011
In base 7, what is 1136533 + -341?
1136162
In base 7, what is -1150223116 + 0?
-1150223116
In base 14, what is -3 + 38b519?
38b516
In base 8, what is 462622111 - -5?
462622116
In base 5, what is 3403431 + 4440?
3413421
In base 4, what is 12112 + 1132302321?
1132321033
In base 6, what is -343402 - -1353?
-342005
In base 15, what is -4ba71 + 2b?
-4ba45
In base 15, what is 21c + 18478?
18695
In base 6, what is 3232 + -110552?
-103320
In base 5, what is -444224020030 - 1?
-444224020031
In base 10, what is 46997 - -30?
47027
In base 16, what is 16479f - -1?
1647a0
In base 12, what is 1465535 - -46?
146557b
In base 10, what is 149919 - -18?
149937
In base 14, what is -c2db259 + -3?
-c2db25c
In base 5, what is -233 + 3424212?
3423424
In base 12, what is 1 - 70713?
-70712
In base 11, what is 178515 - -285?
17879a
In base 11, what is 3276 - -15234?
184aa
In base 14, what is 51a2bc + 9b?
51a379
In base 3, what is -1211 - 100112012210?
-100112021121
In base 12, what is -24 - 4ab4b2?
-4ab516
In base 6, what is 2513 - 2054521?
-2052004
In base 6, what is 33220500101 - -1?
33220500102
In base 11, what is 235827 - -45?
235871
In base 13, what is 4171519 + 18?
4171534
In base 12, what is -429 + aa2?
675
In base 5, what is 1124111440111 - 4?
1124111440102
In base 14, what is -62c20d + 3?
-62c20a
In base 9, what is 3470 - 501852?
-487372
In base 4, what is 3003300100 - 33?
3003300001
In base 10, what is 200195144 + 0?
200195144
In base 3, what is 10102122100210012 + -10?
10102122100210002
In base 2, what is 1 + 11110010101111111100?
11110010101111111101
In base 15, what is 24 + 3421e?
34243
In base 5, what is -130 - 20003103124?
-20003103304
In base 12, what is 2 + -3a26595?
-3a26593
In base 10, what is 0 - 346762?
-346762
In base 3, what is -11000 + -2210212201?
-2211000201
In base 5, what is -1200 - -334210?
333010
In base 2, what is 100 - -110010011000000001001100?
110010011000000001010000
In base 10, what is 3109142 - 7?
3109135
In base 13, what is 7 - -8c518?
8c522
In base 5, what is 1020140320332 - 2?
1020140320330
In base 8, what is 25 + -3323126?
-3323101
In base 15, what is -56a304a9 + 3?
-56a304a6
In base 16, what is -8a35 - -ebe?
-7b77
I